{"id":473,"date":"2020-03-10T16:09:21","date_gmt":"2020-03-10T14:09:21","guid":{"rendered":"http:\/\/www.shivayoga.at\/?page_id=473"},"modified":"2020-03-11T15:48:47","modified_gmt":"2020-03-11T13:48:47","slug":"geburtsvorbereitung","status":"publish","type":"page","link":"https:\/\/www.shivayoga.at\/?page_id=473","title":{"rendered":"Geburtsvorbereitung"},"content":{"rendered":"<p>Ich biete dir verschiedene M\u00f6glichkeiten dich auf die Geburt deines kleinen Engels vorzubereiten!<\/p>\n<h2><b><img loading=\"lazy\" decoding=\"async\" class=\"alignleft size-medium wp-image-485\" src=\"http:\/\/www.shivayoga.at\/wp-content\/uploads\/2020\/03\/C917671C-B114-4D94-8490-962C6BB98454-218x300.jpeg\" alt=\"C917671C-B114-4D94-8490-962C6BB98454\" width=\"218\" height=\"300\" srcset=\"https:\/\/www.shivayoga.at\/wp-content\/uploads\/2020\/03\/C917671C-B114-4D94-8490-962C6BB98454-218x300.jpeg 218w, https:\/\/www.shivayoga.at\/wp-content\/uploads\/2020\/03\/C917671C-B114-4D94-8490-962C6BB98454-768x1058.jpeg 768w, https:\/\/www.shivayoga.at\/wp-content\/uploads\/2020\/03\/C917671C-B114-4D94-8490-962C6BB98454-743x1024.jpeg 743w, https:\/\/www.shivayoga.at\/wp-content\/uploads\/2020\/03\/C917671C-B114-4D94-8490-962C6BB98454-624x860.jpeg 624w, https:\/\/www.shivayoga.at\/wp-content\/uploads\/2020\/03\/C917671C-B114-4D94-8490-962C6BB98454.jpeg 794w\" sizes=\"auto, (max-width: 218px) 100vw, 218px\" \/><\/b><\/h2>\n<h2><b><br \/>\n<span style=\"color: #d91c7e;\"><u>Schwangerenyoga<\/u><\/span><\/b><\/h2>\n<p>Schwangerenyoga ist eine wunderbare M\u00f6glichkeit voll in deinen K\u00f6rper hineinzusp\u00fcren, Anspannungen zu erkennen und aktiv, mit Asanas und Atmung, zu l\u00f6sen. Du kommst zur Ruhe und dehnst und kr\u00e4ftigst gleichzeitig deinen K\u00f6rper.<br \/>\nR\u00fcckenschmerzen, Ischiasbeschwerden, \u00dcbelkeit und M\u00fcdigkeit kannst du gut mit Yoga lindern.<\/p>\n<h2><span style=\"color: #d91c7e;\"><b><u>Shaktipower &#8211; energetische Schwangerenbegleitung<\/u><\/b><\/span><\/h2>\n<p>Entspannen, Loslassen und Fallenlassen! Verschiedene Methoden der energetischen Arbeit helfen K\u00f6rper und Geist zu entspannen, dadurch kannst du dich vollkommen der Energie deines Babies \u00f6ffnen und dich damit verbinden. Diese Verbindung schafft eine optimale Voraussetzung f\u00fcr eine entspannte und sch\u00f6ne Geburt f\u00fcr dich und dein Baby.<\/p>\n<p><b>Shaktipower<\/b> kombiniert Energiearbeit, Visualisierung, energetische Massagen und andere Methoden, optimal auf dich abgestimmt!<\/p>\n<h2><span style=\"color: #d91c7e;\"><u>Lomi Lomi Nui<\/u><\/span><\/h2>\n<p>F\u00fcr N\u00e4here Infos gehe bitte zur Lomi Seite meiner Homepage. Die Lomi ist eine energetische Massage mit warmen \u00d6l, wunderbar zum Entspannen und die perfekte Begleitung in der Schwangerschaft und Vorbereitung auf die Geburt. Energetische Blockaden k\u00f6nnen sich l\u00f6sen und du kannst deine Schwangerschaft genie\u00dfen und ganz entspannt in die Geburt gehen.<\/p>\n<p>&nbsp;<\/p>\n<p>&nbsp;<\/p>\n","protected":false},"excerpt":{"rendered":"<p>Ich biete dir verschiedene M\u00f6glichkeiten dich auf die Geburt deines kleinen Engels vorzubereiten! Schwangerenyoga Schwangerenyoga ist eine wunderbare M\u00f6glichkeit voll in deinen K\u00f6rper hineinzusp\u00fcren, Anspannungen zu erkennen und aktiv, mit Asanas und Atmung, zu l\u00f6sen. Du kommst zur Ruhe und dehnst und kr\u00e4ftigst gleichzeitig deinen K\u00f6rper. R\u00fcckenschmerzen, Ischiasbeschwerden, \u00dcbelkeit und M\u00fcdigkeit kannst du gut mit [&hellip;]<\/p>\n","protected":false},"author":2,"featured_media":0,"parent":0,"menu_order":0,"comment_status":"closed","ping_status":"closed","template":"","meta":{"footnotes":""},"class_list":["post-473","page","type-page","status-publish","hentry"],"_links":{"self":[{"href":"https:\/\/www.shivayoga.at\/index.php?rest_route=\/wp\/v2\/pages\/473","targetHints":{"allow":["GET"]}}],"collection":[{"href":"https:\/\/www.shivayoga.at\/index.php?rest_route=\/wp\/v2\/pages"}],"about":[{"href":"https:\/\/www.shivayoga.at\/index.php?rest_route=\/wp\/v2\/types\/page"}],"author":[{"embeddable":true,"href":"https:\/\/www.shivayoga.at\/index.php?rest_route=\/wp\/v2\/users\/2"}],"replies":[{"embeddable":true,"href":"https:\/\/www.shivayoga.at\/index.php?rest_route=%2Fwp%2Fv2%2Fcomments&post=473"}],"version-history":[{"count":10,"href":"https:\/\/www.shivayoga.at\/index.php?rest_route=\/wp\/v2\/pages\/473\/revisions"}],"predecessor-version":[{"id":487,"href":"https:\/\/www.shivayoga.at\/index.php?rest_route=\/wp\/v2\/pages\/473\/revisions\/487"}],"wp:attachment":[{"href":"https:\/\/www.shivayoga.at\/index.php?rest_route=%2Fwp%2Fv2%2Fmedia&parent=473"}],"curies":[{"name":"wp","href":"https:\/\/api.w.org\/{rel}","templated":true}]}}